f i?
2, 11
Suppose 5*w + 4*v + 120 = 0, w = -0*w - 2*v - 24. Let h = -13 - w. List the prime factors of h.
11
Let s = -7 + 4. Let c(u) = 6*u**3 + 8*u**2 + 5*u - 3. Let o(q) = 5*q**3 + 7*q**2 + 4*q - 2. Let p(r) = -4*c(r) + 5*o(r). List the prime factors of p(s).
2
Suppose 3*k - 26 + 11 = 0. Suppose 3*w + 73 = 5*y, 0 = k*w - 4*y + 100. Let d = 27 + w. List the prime factors of d.
11
Let l be (-2)/4*(1 + -7). What are the prime factors of 56 - 0/(l/3)?
2, 7
Suppose -6*a + 2*a + n + 91 = 0, a = -n + 19. List the prime factors of a.
2, 11
Let y(a) = 2*a + 6. Let m be y(5). Suppose 0 = v + 3*v - m. Suppose -v*n = -2*n - 22. List the prime factors of n.
11
Let c = -6 + 6. Suppose 3*i + x - 40 = c, 12 = i - 5*x + 4. List the prime factors of i.
13
Let p(d) = -4*d + 6 + 6*d**2 + 7*d + 0. Let b(g) = 5*g**2 + 3*g + 6. Let x(c) = -7*b(c) + 6*p(c). What are the prime factors of x(6)?
2, 3
Suppose -25 = -8*d + 3*d. Let s(q) = 3*q - 1. Let f be s(2). Suppose d*v + 5*t - 55 = 0, f + 5 = 2*t. What are the prime factors of v?
2, 3
Suppose 12 = -3*w, 6*b - 22 = 4*b + 2*w. List the prime factors of b.
7
Suppose u - 5*c + 7 + 7 = 0, 0 = -u - 3*c + 10. Let m = 5 - 2. What are the prime factors of (u - m)/(6/(-12))?
2
Suppose 3*s - s + 8 = 0. Let l be ((-4)/3)/(4/(-24)). What are the prime factors of s/(-6)*204/l?
17
Suppose 5*o - 5*a = 50, -5*a + a - 20 = 0. Suppose -3*q + 28 = -u - 19, -2*q + 54 = o*u. What are the prime factors of q?
17
Suppose -o + 2*o = -5*f + 7, 4 = 2*f + o. Let d = f + 4. Suppose -5*p = -5*n - 25, -3*n + d = p - 2*p. What are the prime factors of p?
2, 5
Let b(f) = -7*f**3 - f**2 - f. Suppose w - 4*m = -2*m + 3, 5*w + 3*m + 11 = 0. What are the prime factors of b(w)?
7
Suppose 0 = -2*f - 5 + 3. Let v = 3 + f. List the prime factors of v.
2
Let y(j) = -j**3 - 6*j**2 + 6*j - 9. Let o be y(-7). Let d be (3 - (o + 3)) + 0. Suppose -d*c + 1 = -3. List the prime factors of c.
2
Let h(u) = -u**3 - 3*u**2 - u + 4. Let q be (-2)/(-3)*(-4 + -2). List the prime factors of h(q).
2, 3
Let w(f) be the second derivative of 5*f**3/6 - f**2 - 3*f. List the prime factors of w(4).
2, 3
Suppose 5*y - 776 = -0*y - 2*l, 0 = -4*l - 8. List the prime factors of y.
2, 3, 13
Suppose -422 = -5*n + a, 3*a - 83 = -3*n + 181. List the prime factors of n.
5, 17
Let t = -2 + -4. Let h be (t/(-2))/((-9)/(-12)). Suppose -4*r = 2*g - 22 + 6, -h*r = -5*g + 68. List the prime factors of g.
2, 3
Let i = -4 + 6. Suppose z + 1 = 6. Suppose -a = -i*a + z. List the prime factors of a.
5
Suppose 2*b - 7*r + 2*r - 380 = 0, 0 = 2*b + 2*r - 352. What are the prime factors of (2/(-6))/((-5)/b)?
2, 3
Let y = 13 + -9. Let g be (-2)/(-6)*(-10 + 34). Suppose -y*a + g = -40. List the prime factors of a.
2, 3
Let x = 14 - 8. Suppose -29 = -d - 2*n - x, -72 = -4*d - 3*n. What are the prime factors of d?
3, 5
Let v(m) = -7*m + 3. Let u be (-2)/3 + (-64)/12. Let d be v(u). Suppose 4*p + p = d. List the prime factors of p.
3
Suppose 780 = 5*i - 75. What are the prime factors of i?
3, 19
Let j(s) = -s + 10. Let t be j(2). Let l(h) = -7 + 3 - 3*h + 5*h. List the prime factors of l(t).
2, 3
Suppose -c + 8 = -89. What are the prime factors of c?
97
Let z = -37 - -65. List the prime factors of z.
2, 7
Let o(k) = k + 11. What are the prime factors of o(4)?
3, 5
Let y = -7 + 10. Suppose 21 = -0*u + u - 3*m, 0 = -y*u - 4*m + 50. What are the prime factors of u?
2, 3
Let x = 271 + -104. List the prime factors of x.
167
Let d be 36/8 - 2/4. Let c = 1 + d. What are the prime factors of c?
5
Let m be 6/33 + 348/22. Suppose 0 = -5*o - m + 1. What are the prime factors of (-2)/o - 22/(-3)?
2
Let c = -62 - -100. What are the prime factors of c?
2, 19
Let v = -77 + 85. What are the prime factors of v?
2
Suppose 0 = i + 3*x, 2*x - 32 = 5*i + x. Let b(t) = t**2 - 10*t - 7. Let w be b(12). Let c = i + w. What are the prime factors of c?
11
Suppose -4 = 2*c - 5*c - u, -10 = -5*c - u. Let a = 9 + c. What are the prime factors of a?
2, 3
Let n(z) = 13*z + 2. Let w(x) = 1. Let q(k) = n(k) - 5*w(k). Let u be q(3). Suppose -3*c + u = -c. List the prime factors of c.
2, 3
Let r(u) = -u - 16. Let o be r(-4). List the prime factors of o*3*(-1)/3.
2, 3
Suppose 5*i + 5 = -0*i, 4*a + 5*i - 11 = 0. Let f = a + -3. List the prime factors of (4 - 2) + 4 + f.
7
Let h(g) = 6*g**2 + 4*g + 9. What are the prime factors of h(-4)?
89
Suppose 0 = -4*c - 10 - 2. Let x = c - -4. List the prime factors of 11 + 1 + x*-2.
2, 5
Let z = 4 - 2. Suppose z*k = -k. Let t(o) = -o**2 - o + 10. What are the prime factors of t(k)?
2, 5
Suppose 0 = -l + 3*g - 6*g - 13, -2*l - 3*g - 14 = 0. Let o be (l + -2 - -2) + 1. List the prime factors of -1 - o - -22 - -3.
2, 3
Let i = -2 + 10. Suppose -5*h = -4*k, -5*h + i = k - 17. What are the prime factors of 3/(-2) - (-38)/h?
2
Let h(m) = -2*m. Let b be h(-4). Suppose -2 = -3*i - b. What are the prime factors of i/8 + (-260)/(-16)?
2
Let g be 1 + 0 - (-1 + 1). Suppose 11 + g = v. Suppose -h = -2*h + v. List the prime factors of h.
2, 3
Suppose 0 = -3*f + 5*f - 6, 0 = -5*g - 5*f + 20. Suppose -3*a + 25 = g. What are the prime factors of a?
2
Suppose -5*z + 30 = 5*h - 0*h, z = 2*h - 9. Let i(s) = 17*s**3 - s. What are the prime factors of i(z)?
2
Let j = 22 + -24. List the prime factors of ((-5)/(-4))/(j/(-8)).
5
Suppose f - 23 + 1 = 0. List the prime factors of -3 - (2 - f) - 2.
3, 5
Let h = -34 - -60. Let p = h - 15. Let a = p - 3. List the prime factors of a.
2
Suppose 6*l - 384 - 72 = 0. What are the prime factors of l?
2, 19
Let u(n) = 41*n - 7. Let w(t) = 21*t - 3. Let p(x) = -2*u(x) + 5*w(x). List the prime factors of p(1).
2, 11
Let x be ((-6)/(-10))/((-6)/(-30)). Let k(g) = -2*g - g**3 - g**2 + 7*g**2 + 3*g - x. What are the prime factors of k(6)?
3
Suppose -4*y + 349 + 179 = 5*a, -y - 2*a = -132. List the prime factors of y.
2, 3, 11
Suppose 3*f + 4*x + 53 = 0, 0*f - x + 58 = -4*f. Let j be 6/2*5/f. Let r(m) = -4*m**3 + 2*m + 1. What are the prime factors of r(j)?
3
Suppose 40 = 4*u - 0*u. Suppose -15 = -2*r - 3*r. Let d = u - r. List the prime factors of d.
7
Let m(g) = -g**3 + 8*g**2 - 2*g - 5. Let f be m(8). Let v be (8 + 1)/((-9)/6). List the prime factors of f/(-2)*(-4)/v.
7
Let r(f) = f**3 + 4*f**2 + 3*f. Let s be r(-2). Suppose j - 9 = -s. What are the prime factors of j?
7
Suppose -4*x + 5*c = -2*x + 25, -2*c = -x - 10. Let l be -1 + x - -6*2. Suppose 0 = 3*y - 4*y - q + l, -5*q + 23 = y. List the prime factors of y.
2
Let r(b) = -2*b + 1. Let o be r(3). Suppose -3*t + 12 = -54. Let u = o + t. List the prime factors of u.
17
Suppose -4*u + 0*u = 8. Let v = u + 10. Suppose 3*i + 25 = v*i. What are the prime factors of i?
5
Let k be (-2)/4*7*2. Let d be (-2)/7 - 114/k. Suppose 2*z + 4*f = 22, 4*z - 5*f + 6*f = d. List the prime factors of z.
3
Let f = 18 - 12. What are the prime factors of -2*f/(-4) - -22?
5
Let c = -6 + 3. Let z(n) = n**3 + 4*n**2 + 3*n + 4. Let q be z(c). Suppose -4*i = 2*m - 44, q*m - 40 = -4*i - 0*i. What are the prime factors of i?
2, 3
Let c(r) be the second derivative of -r**5/20 + 7*r**4/12 - r**3/3 + r. What are the prime factors of c(6)?
2, 3
Let w(v) = -v**2 + v - 1. Let s be w(2). Suppose -3*m = 2*a - 8, -4*a + m = -5*a + 5. Let r = s + a. What are the prime factors of r?
2
Let u(p) = 3*p + 6. Let w(r) = -r - 2. Let z be w(2). Let g be u(z). Let i(f) = -2*f - 7. What are the prime factors of i(g)?
5
Suppose 0*z = -2*z + 50. What are the prime factors of z?
5
What are the prime factors of (4/6)/(2/96)?
2
Let r(f) be the first derivative of -f**4/4 + 2*f**3/3 - f**2 + 2*f + 4. Let l be r(2). What are the prime factors of l*1*27/(-6)?
3
Let x be 17/(-5) - 10/(-25). List the prime factors of 0 - (5 + x) - -12.
2, 5
Let n(h) = -4*h + 15. Let u(l) = -l + 5. Let j(y) = 2*n(y) - 7*u(y). Let o be (-12)/(5/((-20)/(-6))). List the prime factors of j(o).
3
Suppose 0 = l - 4*k - 12, 2*l + k = -19 - 2. Let a = l + 27. List the prime factors of a.
19
Let k = 64 + -41. What are the prime factors of k?
23
Suppose 3*d - 12 = -5*h, 2*h - 20 = -5*d + 6*h. Let q(x) = -x + 5*x**2 - d*x**2 + 4 + 0*x. List the prime factors of q(3).
2, 5
Let b be (-2 - (-9)/6)*-4. Let p(y) = 2 + y**3 + 5*y**2 - b*y**2 + 0. List the prime factors of p(-3).
2
What are the prime factors of (35 + -2)/((-3)/